ulate (22 - 21) + 50 + -18 + 3.
36
Evaluate -10 - (68 + -23 - 50).
-5
What is the value of -14 - (6 + -3 + -13 + 8) - -73?
61
What is the value of 2504 + -2422 + (51 + -6 - -2)?
129
What is the value of 1 - 19 - (-18 + -12 - (-23 + -9))?
-20
What is the value of -1 + 80 - (-81 + (137 - 85))?
108
Calculate (-38 - -26) + (-11 - (-65 - -3)).
39
Calculate (325 + -346 - (28 + -2)) + (4 - 1) + -2.
-46
Evaluate 92 + 5 + (-6 - 5) + 43.
129
Evaluate 28 + -57 + 33 + 8.
12
What is (0 - 108) + (-1 + -4 - (-292 - -268) - 22)?
-111
Calculate 2 - (-1 + 11 + 0 + -8) - (-52 + 0).
52
What is the value of -6 + 17 + (-5 - (-25 + 13)) + -18?
0
What is -69 + 48 + (-63 - -81)?
-3
Evaluate (-72 - -32) + -2 + (-2 - (9 + 6)).
-59
(129 - 100) + (-11 + -10 - -8)
16
What is the value of -7 + (13 + -12 - 8 - (-89 - (2 - -1)))?
78
(-228 - -109) + 73 + (4 + -3 - -1)
-44
What is the value of -26 - ((144 - 143) + (-11 - -2))?
-18
Calculate -150 - -119 - (-17 + (-8 - 13)).
7
Evaluate -10 + 51 - -3 - 15.
29
What is -50 + 71 + -14 + (1 - (0 - -3))?
5
97 - ((-46 - -54) + 54)
35
Evaluate -18 - (-52 + 20 + -12).
26
(-7 - (-6 + 8)) + (-4 - (2 + -14)) + 71
70
What is the value of 1 + -17 + (631 - 632) + -50 - 7?
-74
Evaluate 10 + 0 + 7 - (5 - (-6 - -8)).
14
What is -20420 - -20424 - ((5 - 2 - 2) + 45)?
-42
What is -115 + 15 + 172 - (-5 - -14)?
63
Evaluate (2 - -9) + (32 - (-23 - -75)).
-9
Calculate 0 + 89 - (19 + 13 + -2).
59
Calculate -4 - (24 - (8 - 14 - -24) - 40).
30
Evaluate -8 + -8 - (1329 + -1372).
27
Calculate 9 + (101 - ((2 - 13) + 89 + -64)).
96
What is the value of -26 - (-8 + -10 - -17 - -5)?
-30
Calculate 106 + -45 + -28 + -54.
-21
Evaluate 11 - (-29 - -59 - 5) - 46.
-60
-1 + 1 + -2 + -12 - (507 + 175 + -686)
-10
Calculate -43 - (4 - 78 - 8).
39
Evaluate -2 + 6 + 159 + -97 + 22.
88
Evaluate -11 + (0 - -1) + (-25 - 18 - -98).
45
Calculate 29 + 12 + -30 + 29.
40
What is the value of -4 + (-1 - -22) + -11 - -98 - 8?
96
Calculate 5 + -87 + 2 - (-1429 - -1433).
-84
What is 73 + (43 - 84) + -24?
8
Calculate 7411 + -7404 - (1 - (2 + 67 + 1)).
76
Evaluate -76 + (-113 + 301 - 75).
37
What is 0 - (2 + -4) - (-1819 + 1802)?
19
-70 + 0 + 15 + 7 + 7 + 7 + -23
-57
-51 + (20 - -1) - -44 - (78 + 1)
-65
What is the value of -30 + (38 - -18) - 16?
10
Evaluate (14 - 31) + 40 + (15 - 40).
-2
-12 + (54 - 87 - (2 - (24 - 3)))
-26
What is the value of -26 + (4 - 3) - (-2774 + 2740)?
9
1 - (1 + (3 - 12)) - 17 - 25
-33
Calculate (165 - 178) + (35 - -2 - -1).
25
What is 21 + 58 + 12 + (-26 + -2 - -18)?
81
Evaluate 18 - (25 + (-44 - -75)).
-38
Calculate (16 - (30 - 6)) + 45 + (15 - 22).
30
What is the value of -5 + -96 - -55 - -40?
-6
-2 + 0 + 5 - (10 - (-76 + 115))
32
(-25 - -15) + 2 + 71 - (2 - -11)
50
Calculate 4 - (6 + 2 + -8 - (0 - 3 - 0)).
1
6 + 0 + -69 - ((2 - -1) + -26 + 10)
-50
What is (-49 - -44) + (69 - -41)?
105
Evaluate -58 + (-14 + -1 - (-2 + -22)).
-49
Calculate 1 + 3 - (61 + -201 + 197).
-53
What is 109 - 154 - -55 - (-2 - -1 - -66)?
-55
What is 14 - (21 + -34 - (24 - 7))?
44
What is the value of 0 + -14 - (-4 - 4) - (-16 + 3)?
7
Calculate (22 + -36 - (-21 + 7)) + (10 - 3).
7
59 + -85 - 31 - -28
-29
Evaluate (325 + -307 - -96) + (1 + (4 - -1) - -1).
121
Evaluate 1 - (-1 - 3 - (77 + -71) - -30).
-19
Calculate 8 + ((-37 - -18) + 10 - (-1 - -10)).
-10
What is (23 - (42 - 18)) + 4 - 7?
-4
What is (-3 - -2) + (15 + -4 - -4) + -8 - 9?
-3
Calculate -27 + 10 + (26 - (-14 - -15)).
8
What is 31 - (-20 - 4 - (28 - 27))?
56
What is (45 + (-24 - 24) - ((-3 - -3) + 9)) + 55?
43
What is (4 - 9 - 16 - (-67 + 82)) + -19?
-55
What is the value of 20 - -1 - (-116 + 43 + 56)?
38
43 + (83 - 191) + 74
9
-12 + -35 + (-17 - -47)
-17
18 - 2 - (21 + 8 + 29 + 15)
-57
Evaluate -1 - -19 - (1 + -2 + (41 - 32) + 1).
9
Calculate (-16 - -28) + 80 + -51.
41
Evaluate 7 + -26 + (21 - (33 - 0)).
-31
What is -2 + 3 - (1 + -12 + -50 + 42)?
20
(1297 - 1285) + (22 - (-3 + (5 - 3)))
35
Calculate 45 + -2 + (56 - 43) + -3 + -1.
52
87 + 23 + -103 + 112
119
What is 0 + -13 + (-3162 - -3159 - (-1 + 20 - 1))?
-34
What is 15 + ((-10 - -5) + -4 - ((-22 - -14) + 7))?
7
Evaluate 0 - 3 - (1 + (1 - (14 + (-3 - 2)))).
4
Evaluate (0 - 22) + (3 + 12 - 20) + -4.
-31
Evaluate (-5 + -10 - -5 - (1 - 6)) + 4 + 54.
53
What is (5 - 15 - -12) + (-28 - -18) + 0 + -4?
-12
Calculate 1753 + -1601 - (86 + -1).
67
What is 9 + 21 - (8 - 0 - (20 + -8))?
34
What is the value of -1 + -10 + (79 - 57) + 0 + (6 - 42)?
-25
Calculate -15 - ((81 - 9) + 9).
-96
Calculate (-61 - (45 + -63 + 7 + -1 + 2)) + -6.
-57
What is the value of 27 + (9 - -60) - (-11 + (18 - 21))?
110
Calculate -1 - ((32 - (1 - -18)) + 4 + 2).
-20
What is the value of 9 - (-44 + 95 - 54)?
12
Evaluate -11 + -57 + -5 + 53.
-20
What is the value of -19 + 7 + -5 - (-15 - (18 - 15 - 24))?
-23
What is (-227 - 104 - -312) + (3 - 2) + 94?
76
What is the value of -59 - (-25 - 28) - ((30 - -1) + -3)?
-34
11 - (-2 + 1) - (34376 - 34257)
-107
Evaluate -57 - (-48 + 6) - -13 - (0 + 2).
-4
What is (-377 - -300 - -39) + 1 + 110?
73
What is -20 - (-55 + -85 + 121)?
-1
-59 - ((28 - (13 + -12)) + -51)
-35
Evaluate (53 + 43 + -170 - (14 - -1)) + 16.
-73
What is 1 + (10 - (8 + 16)) - (-86 - (-4 - -3))?
72
What is 38 + -11 + -8 + -32 - -22?
9
What is 573 + -574 - (51 - 0)?
-52
Evaluate 427 - 518 - (-69 - -62 - (-1 - (0 - 1))).
-84
-4 - (-14 + 4) - (759 + -730)
-23
Evaluate -7 - (-18 - (-7 - (16 - 33))).
21
What is the value of 61 + (1 - 1) - (-1894 + 1926)?
29
Evaluate (-1 - 5) + 10 + (-1 - -13 - 4 - 11).
1
Evaluate (-16 - (-19 + -4)) + -57 - 16.
-66
(7 - -1 - (2 + 10)) + 36 - (-27 - -38)
21
What is -27 - ((-157 - 2) + (-348 - -371))?
109
What is the value of 41 - (2 + 5 + 30 + -16)?
20
What is -72 + (34 - -7) - 10?
-41
-10 + (0 - 2) + 23 + 18 + -35 + 40
34
Evaluate -2 - (-8 - (-5 + 6)) - (-7 + -38).
52
What is -128 + 18 + (23 - (-19 - 3))?
-65
-9 + (-64 + 24 - -13) + -21
-57
Evaluate -5 + -1 + -20 + -19 + 38.
-7
-3 + -2 + (52 - (-32 + -18 + 37 + 2))
58
13 - 43 - (-25 + 22 + -23)
-4
75 - 1 - (-1706 + 1710)
70
-16 + (27 - -12) - -35 - -18
76
What is -12 - 6 - (-617 + 643)?
-44
-39 - (19 + -123 + -8)
73
(-33 - (149 + -66)) + 10
-106
Evaluate -54 + 194 - 205 - -182.
117
What is the value of 183 + -199 + -76 + 28 + 1?
-63
Evaluate 11 - (-1 + 0 + 0) - (-87 + (-82 - -178)).
3
23 + 29 + -1 + 1 + -21
31
What is 28 + -28 + -20 + 9 - (-17 - (-4 - -2))?
4
What is the value of 39 + -87 + (137 - 96)?
-7
57 - 0 - (-123 + 118) - (1 - (5 + -4))
62
What is -111 + (-8 + 2 - (-2029 - -2008))?
-96
Evaluate -25 - (-9 - ((-14 - -46) + -21)).
-5
-134 + 110 - -28 - (42 + 0)
-38
(5 + 28 + -21 - 63) + (33 - 15)
-33
Evaluate 15 + 4 - (28 - 7) - (-16 - 2).
16
(1218 - 1206) + -1 + -69
-58
-69 + (49 - (59 + -56))
-23
-8 + ((-1 - 10) + -1 - 7) - 20
-47
Calculate 1 - (-16 + (-15 - -25)) - (1 - -24).
-18
Calculate 17 + 0 + (74 + -56 - 26) + 6.
15
What is (3 - 38) + 7 + 0 + -9 + 10 + 4?
-23
(-16 + -15 - -30) + -6 + 1 + 8 + -11
-9
Calculate -51 + (48 - (-21 - -51)).
-33
What is the value of 724 + -700 - (0 + 0 + 0 - 23)?
47
What is the value of (-31 + 0 - -33 - (0 - 3)) + -22?
-17
34 + -71 + (-10 - 10)
-57
-8 + 0 - (-68 - (-10 + (15 - 19 - -19)))
65
Calculate 1029 + -1071 - (23 - 1) - -12.
-52
What is -80 + (9 - (-1 - -5)) - (-44 + 15 + 28)?
-74
(1429 + -1418 - (-76 - 1)) + 20
108
Evaluate (-72 - (-129 - -74)) + -55.
-72
Calculate 7 - (56 + (-37 - 16)).
4
Calculate (-277 - -277) + -1 + -5.
-6
Calculate -95 + (184 - 78) - (35 - 1).
-23
-1 - 7 - 7 - (19 - 38)
4
Calculate -1 + 38 + (-1626 - -1570).
-19
What is (296 - 337) + -9 + -5?
-55
Calculate (2 - (-4 + -18)) + (60 - 78) + 12.
18
Calculate -1 - 39 - (-87 + (72 - 1)).
-24
Calculate 57 + 10 + -12 + 1 + -2.
54
Evaluate 55 - 22 - (12 + 13) - 72.
-64
-97 - 11 - (242 - 305)
-45
((-22 - -29) + 3 + -2 + -11 - 9) + 50
38
(-24 - 17) + 71 - -48
78
-99 - (-100 + 39 + 1)
-39
Evaluate -2 + 1 - (-9 + 3 + (44 - 49)).
10
Evaluate 53 - (93 + -25 + -42).
27
-8 + 20 + -66 + 12 + 1
-41
Calculate -4 + -26 + 17 - -4.
-9
19 + -86 - (75 - 84 - (2 + -15))
-71
Evaluate (49 - 19 - 19) + -11 + (-44 - 6 - -6).
-44
What is -17 - (-18 + 0 + 29)?
-28
What is (8 - (3 + -24 + 13)) + -1 - -10?
25
What is -7 - ((-53 - -17) + 14 - -15)?
0
Evaluate 4 + (27 - -4 - 27) + 26 + 1.
35
Evaluate 48 + -58 - (-14 - (-8 + 6)) - (0 + 50).
-4